 t(q) = -q**2 + 13*q - 2. Let r be t(10). What is the highest common factor of 7 and r?
7
Let k(q) = -q**2 + 7*q + 5. Let n be k(6). Let z = n + -6. Calculate the highest common factor of 15 and z.
5
Suppose -5*p + 16 + 9 = 0. Suppose 0*m - p = -m. Suppose -4*x + 19 = d, -5*x - 19 = 1. Calculate the greatest common factor of d and m.
5
Let c be -9*-1*(-8)/(-12). Suppose c*t + 8 = 86. What is the greatest common factor of 104 and t?
13
Suppose -4*w = 2*t, 0 = -6*w + 3*w - 3. What is the greatest common factor of 4 and t?
2
Let f = 222 + -114. What is the highest common factor of f and 12?
12
Let h be -3 + 6*8/6. Suppose -22 = -4*n + 2*z, -2*n + 0*n - h*z = -17. What is the highest common factor of 42 and n?
6
Let x be 2/(-4) - -1*126/12. Calculate the highest common factor of 80 and x.
10
Let s(m) = -m**3 + 52. Let f be s(0). Calculate the greatest common divisor of 117 and f.
13
Suppose 0 = -4*o + 18 - 10. Suppose 0*q = -o*q - 4*m + 18, 3*q = -m + 42. Calculate the highest common divisor of q and 6.
3
Suppose 2*s + 12 = -2*a + 4*a, 0 = 3*a + 2*s - 28. Suppose -2*n = -a - 10. Let z be 5 + (2 - 1)/(13/(-52)). Calculate the highest common factor of z and n.
1
Let m = -6 - -18. Let y be -3 - ((-45)/(-10))/((-6)/132). What is the highest common divisor of m and y?
12
Let n(a) = -29*a - 8. Let c be n(-4). Calculate the greatest common divisor of 12 and c.
12
Let l(o) = -18*o + 8. Let y be l(-4). Calculate the greatest common divisor of y and 10.
10
Let u = 16 + -12. Suppose 25 = v + u*v. What is the greatest common divisor of v and 40?
5
Let t(g) = g**3 + 4*g**2 + 3*g - 4. Let r be t(-3). Let k be 48/9*(-15)/r. Calculate the greatest common factor of k and 5.
5
Let b(p) = 28*p - 1. Suppose -4 = -2*q - 0*q. Let x be b(q). What is the highest common factor of 5 and x?
5
Let q = 37 - 14. What is the greatest common factor of q and 69?
23
Suppose -5*l - 4*r + 31 = 0, -4*l + 5 = -3*l + 2*r. Suppose -3*b + 0*s = -3*s - 9, -b = 3*s - l. Let a = 111 - 79. What is the highest common factor of a and b?
4
Let i be 8/36*-3*-3. Let p be 3*i/((-6)/(-9)). Calculate the greatest common factor of 9 and p.
9
Suppose -23 - 45 = -4*g - 4*x, -5*g - 4*x = -90. Suppose -3*b + 87 = -78. What is the greatest common divisor of b and g?
11
Suppose 0 = -k + 1, -4*k - 124 = -4*p + 2*p. Calculate the greatest common factor of p and 8.
8
Let y(j) = -j**3 + 4*j**2 + 6*j + 1. Let h = 1 - -4. Let x be y(h). What is the greatest common divisor of x and 24?
6
Let p be (1/(-2) - -1)*-4. Let v be 1/p - 11/(-2). What is the highest common divisor of v and 40?
5
Let k = 104 + -59. Suppose 35 + 5 = 2*a + 4*r, -a + 21 = r. Let w = -4 + a. Calculate the highest common factor of k and w.
9
Let q be 228/20 - (-4)/(-10). Let n = 1 + q. What is the highest common divisor of n and 60?
12
Let z be ((-14)/(-4)*-2)/(-1). Let i(p) = -7*p - 21. Let c be i(-14). What is the greatest common divisor of c and z?
7
Suppose w = -2*t - 2*t + 77, t + 4*w = 23. Calculate the highest common factor of 95 and t.
19
Let l = -6 + 14. What is the highest common divisor of 2 and l?
2
Let m = -10 - -14. Suppose -c + 21 - m = 0. What is the greatest common factor of c and 34?
17
Let m(f) = 29*f**2 - 6*f + 8. Let a be m(2). Calculate the highest common factor of 14 and a.
14
Let y(h) = -4*h. Let l be y(5). Let t be 72/5 + l/50. Suppose -s + 14 = 4*i - 2*i, t = s + 4*i. Calculate the highest common divisor of 7 and s.
7
Suppose -18 = -3*f - y + 1, -3*f - 5*y - 1 = 0. Let g(a) = a + 7. Let d be g(f). Let c = -83 + 158. What is the highest common factor of c and d?
15
Suppose -4*s - 5*t + 47 = -7, 2*t = 4*s - 40. Calculate the highest common factor of 77 and s.
11
Let u be 32 + -1 - (11 - 13). Suppose v - c - u = 0, 10 = -2*c - 0. What is the greatest common divisor of 7 and v?
7
Let y be ((-5)/5)/(2/(-8)). Suppose -y*k + 14 = -90. Calculate the greatest common factor of 78 and k.
26
Let k(d) = -5*d - d - d - 4 + 2*d. Let g be k(-4). Calculate the highest common factor of 48 and g.
16
Let t be (-40)/6 + (-2)/6. Let v(m) = m**3 + 9*m**2 + 9*m - 2. Let q be v(t). Suppose -5*c - 1 + 111 = 0. What is the highest common factor of q and c?
11
Let n(v) = 10*v - 28. Let z be n(4). What is the greatest common divisor of z and 3?
3
Let k = 305 - 185. Let j = -29 + 44. Calculate the highest common factor of j and k.
15
Let q be (-72)/(-15)*(15 - 0). Suppose q = -4*p - 0*p. Let s be p/(-10)*(2 - -3). What is the greatest common divisor of s and 81?
9
Suppose 0 = -p - 3*g + 29, -3*p + 124 = 4*g + 52. Suppose 4*l - 38 = -u, 5*l + 0*l + 140 = 5*u. What is the greatest common factor of u and p?
10
Suppose 0*u + 9 = u. Suppose 10 = o - c - u, 4*c - 52 = -4*o. What is the greatest common divisor of o and 112?
16
Let d(f) = -f + 31. Let q be d(0). Calculate the highest common factor of q and 341.
31
Let j be 47 + -6*5/10. What is the greatest common factor of 308 and j?
44
Suppose 3*j - 4*h = 331, j = -4*h - 0*h + 89. Suppose 0*o - f = 2*o - 70, -3*o - 2*f = -j. What is the highest common divisor of o and 7?
7
Suppose 4*t - 14 = -3*p + 23, 3*t - 39 = -3*p. Let v be 0*2/4*-1. Suppose -f = 4*o - 239, -4*o + f + 66 + 175 = v. What is the highest common factor of o and p?
15
Let y = -196 - -204. What is the highest common factor of y and 20?
4
Let i(j) = -j**3 - 5*j**2 - j - 1. Let n be i(-5). Suppose 0 = -s + n*s - 33. What is the greatest common factor of 44 and s?
11
Suppose 2*u = -m - 16, 3*m = -2*u - 2*u - 36. Let j be 1/7*u*-14. Calculate the highest common divisor of j and 132.
12
Let b be 4/(-10)*10/(-2). Suppose b*w + 0*w = 44. Suppose 5 = -5*n, -2*p = -p - 5*n - 60. Calculate the highest common factor of w and p.
11
Let z(b) = 2 - 2*b**3 - 4*b**2 + 2*b**3 - b**3. Let h be z(-4). Suppose h*f - 8 = 2*c, -5 = -3*f + 5*c + 9. Calculate the highest common divisor of 15 and f.
3
Let s = -80 - -151. Suppose -4*d = -p - p - 290, d + p - s = 0. Calculate the greatest common divisor of 9 and d.
9
Suppose 0*t - 3*t = u - 3, 0 = t - 2*u - 8. Calculate the greatest common factor of 18 and t.
2
Let n(r) = r**2. Let d be n(-1). Let t = 62 - 42. Let u = t + -12. Calculate the highest common factor of d and u.
1
Suppose -40 = -2*i - 8. Suppose 5*p - p - 140 = -4*g, 0 = p - 4*g - 20. Calculate the greatest common factor of i and p.
16
Let r be (2 - -3)*(-1 + 2). Let v = r + -6. Let n = v + 2. Calculate the greatest common factor of 7 and n.
1
Let s be (-54)/(-14) - 1/(-7). Suppose g = -s*h + 123, -5*h - 233 = -g - g. Calculate the greatest common divisor of 17 and g.
17
Let l = -38 - -62. Let d be -1*6/3*3. Let s(m) = -m**3 - 7*m**2 - 8*m - 4. Let b be s(d). What is the highest common factor of b and l?
8
Let d(j) = 2*j**2 + 2*j - 20. Let w be d(5). What is the greatest common divisor of w and 10?
10
Let z be 103/3 - (-4)/6. Let o = -15 - -22. What is the highest common divisor of o and z?
7
Let a be (-4)/26 + (-24)/234*-60. Suppose -5*n + 54 = -4*n. Calculate the greatest common factor of a and n.
6
Let r(h) = 2*h + 81. Let a be r(-30). What is the greatest common factor of 105 and a?
21
Let s(f) = -f**2 - f + 10. Let d(m) = m**2 + 4*m + 3. Let g be d(-3). Let l be s(g). What is the greatest common divisor of 10 and l?
10
Suppose -2*c + 8 = -c - 2*y, -2*c + 2*y + 8 = 0. Suppose -2*d + c + 8 = 0. Suppose 0 = f - d*f + 15. Calculate the greatest common factor of 40 and f.
5
Let h be 13/((-78)/(-132)) - 0. Calculate the highest common divisor of 33 and h.
11
Let m(w) = -5*w - 15. Let x be m(-4). Calculate the greatest common divisor of 135 and x.
5
Suppose 5*a - m - 235 = 0, a - 4*m - 220 = -4*a. Calculate the greatest common factor of 16 and a.
16
Let r(i) = -i**2 + 10*i - 5. Let o be r(4). Let j(p) = 6 - o*p + 0 + 1. Let c be j(-7). Calculate the highest common factor of c and 14.
14
Let b = 0 + 1. Suppose -f - 2 + b = 0. Let n = 0 - f. What is the highest common divisor of n and 1?
1
Let y(k) = -k**3 + 16*k**2 + 17*k + 19. Let w be y(17). What is the greatest common factor of 38 and w?
19
Let h be (52/8)/((-1)/(-2)). Calculate the highest common divisor of h and 143.
13
Suppose 0*z - 10 = -5*z. Suppose h = -0*n - n + 11, n = z*h + 8. What is the greatest common factor of n and 15?
5
Let y be -6 + 5 + 1*121. What is the highest common factor of 30 